{"id":142,"date":"2020-04-23T18:00:56","date_gmt":"2020-04-23T18:00:56","guid":{"rendered":"https:\/\/marcelobarbosa.com.br\/website\/?page_id=142"},"modified":"2020-04-23T18:00:56","modified_gmt":"2020-04-23T18:00:56","slug":"ptbr-biografia","status":"publish","type":"page","link":"https:\/\/jdhost.com.br\/wp6\/ptbr-biografia\/","title":{"rendered":"PTBR Biografia"},"content":{"rendered":"<h1>Biografia<\/h1>\n<p>De S\u00e3o Paulo, Brasil, surge o Alchemia, banda de horror metal formada em 2018 por Victor Hugo Piiroja (vocal) e completada por Rodrigo Maciel (guitarra), G.Morazza (baixo), Alex Cristopher (bateria) e Wally D\u2019Alessandro (teclado).<\/p>\n<p>O \u00e1lbum de estreia, &#8220;Inception&#8221;, foi gravado nos est\u00fadios Fus\u00e3o e Carbonos, com produ\u00e7\u00e3o de Victor Hugo Piiroja e colabora\u00e7\u00e3o na produ\u00e7\u00e3o de vozes por Ricardo Campos (Sunseth Midnight). A mixagem e masteriza\u00e7\u00e3o foram realizadas pelo renomado engenheiro de \u00e1udio dinamarqu\u00eas Tue Madsen, que j\u00e1 trabalhou com Rob Halford, Babymetal, Moonspell, entre outros. J\u00e1 as orquestra\u00e7\u00f5es foram desenvolvidas pelo maestro londrino Jon Phipps, que orquestrou \u00e1lbuns de bandas como Moonspell, Amorphis, Devilment, Dragonforce. J\u00e1 a arte de capa foi criada pelo artista brasileiro Carlos Fides, respons\u00e1vel por artes de nomes como Kamelot, Evergrey, Edu Falaschi, entre outros.<\/p>\n<p>&#8220;Inception&#8221; remete a trilhas de terror, trazendo um metal sombrio e contempor\u00e2neo. Trata-se de um trabalho desenvolvido e idealizado pelo multi-instrumentista e vocalista Victor Hugo Piiroja. &#8220;Este \u00e9 um \u00e1lbum com muitas influ\u00eancias e identidade pr\u00f3pria. A m\u00fasica no Alchemia \u00e9 uma mescla de estilos. Desde a sua concep\u00e7\u00e3o at\u00e9 a finaliza\u00e7\u00e3o, todos os detalhes foram cuidadosamente testados. Assim, decidi levar o tempo que fosse necess\u00e1rio para que ficasse com o resultado pretendido, com isso levamos 3 anos para finalizar este \u00e1lbum, desde a composi\u00e7\u00e3o at\u00e9 a finaliza\u00e7\u00e3o do mesmo&#8221;, comentou Piiroja.<\/p>\n<p>As letras abordam sobre reflex\u00e3o, consci\u00eancia, pris\u00e3o mental, fobias e dist\u00farbios psicol\u00f3gicos, criam um contexto de terror de dentro para fora. A m\u00fasica &#8220;Nightmares&#8221; \u00e9 um exemplo. &#8220;A letra desta m\u00fasica mostra que a vida pode ser um pesadelo quando vivemos em uma realidade que n\u00e3o reflete a nossa ess\u00eancia, indagando se voc\u00ea quer acordar deste pesadelo e viver algo diferente&#8221;, detalhou Piiroja.<\/p>\n<p>Em 2021 lan\u00e7aram Inception atrav\u00e9s da gravadora Italiana WormholeDeath Records e o \u00e1lbum alcan\u00e7ou excelente repercuss\u00e3o na Europa e na Am\u00e9rica Latina.<\/p>\n<p>Em 2022 lan\u00e7aram Inception no Jap\u00e3o, atrav\u00e9s do selo WormholeDeath Records Japan, subsidi\u00e1ria da gravadora para o mercado japon\u00eas e os pr\u00f3ximos passos s\u00e3o a Inception Tour 2022\/2023 come\u00e7ando no Brasil, esta tour passar\u00e1 por diversas cidades no pa\u00eds e na sequencia ter\u00e1 Am\u00e9rica Latina e Europa.<\/p>\n<p>Presskit, fotos e logo para download: <a href=\"http:\/\/www.alchemiaband.com\/epk\" target=\"_blank\" rel=\"noopener\">alchemiaband.com\/epk<\/a><br \/>\nRedes sociais Alchemia:<br \/>\nInstagram: <a href=\"https:\/\/www.instagram.com\/alchemiabandofficial\" target=\"_blank\" rel=\"noopener\">https:\/\/www.instagram.com\/alchemiabandofficial<\/a><br \/>\nFacebook: <a href=\"https:\/\/www.facebook.com\/alchemiabandofficial\" target=\"_blank\" rel=\"noopener\">https:\/\/www.facebook.com\/alchemiabandofficial<\/a><br \/>\nYoutube: <a href=\"https:\/\/www.youtube.com\/alchemiabandofficial\" target=\"_blank\" rel=\"noopener\">https:\/\/www.youtube.com\/alchemiabandofficial<\/a><br \/>\nManagement: VP Group | E-mail: <a href=\"mailto:contato@vpgroup.com.br\" target=\"_blank\" rel=\"noopener\">contato@vpgroup.com.br<\/a><\/p>\n","protected":false},"excerpt":{"rendered":"<p>Biografia De S\u00e3o Paulo, Brasil, surge o Alchemia, banda de horror metal formada em 2018 por Victor Hugo Piiroja (vocal) e completada por Rodrigo Maciel (guitarra), G.Morazza (baixo), Alex Cristopher (bateria) e Wally D\u2019Alessandro (teclado). O \u00e1lbum de estreia, &#8220;Inception&#8221;, foi gravado nos est\u00fadios Fus\u00e3o e Carbonos, com produ\u00e7\u00e3o de Victor Hugo Piiroja e colabora\u00e7\u00e3o [&hellip;]<\/p>\n","protected":false},"author":1,"featured_media":0,"parent":0,"menu_order":0,"comment_status":"closed","ping_status":"closed","template":"","meta":{"footnotes":""},"class_list":["post-142","page","type-page","status-publish","hentry"],"_links":{"self":[{"href":"https:\/\/jdhost.com.br\/wp6\/wp-json\/wp\/v2\/pages\/142","targetHints":{"allow":["GET"]}}],"collection":[{"href":"https:\/\/jdhost.com.br\/wp6\/wp-json\/wp\/v2\/pages"}],"about":[{"href":"https:\/\/jdhost.com.br\/wp6\/wp-json\/wp\/v2\/types\/page"}],"author":[{"embeddable":true,"href":"https:\/\/jdhost.com.br\/wp6\/wp-json\/wp\/v2\/users\/1"}],"replies":[{"embeddable":true,"href":"https:\/\/jdhost.com.br\/wp6\/wp-json\/wp\/v2\/comments?post=142"}],"version-history":[{"count":0,"href":"https:\/\/jdhost.com.br\/wp6\/wp-json\/wp\/v2\/pages\/142\/revisions"}],"wp:attachment":[{"href":"https:\/\/jdhost.com.br\/wp6\/wp-json\/wp\/v2\/media?parent=142"}],"curies":[{"name":"wp","href":"https:\/\/api.w.org\/{rel}","templated":true}]}}